 2*k + 5. What are the prime factors of s(o)?
17
Let j = 38 + -22. Suppose 0 = -3*m + 17 + j. List the prime factors of m.
11
Let x(t) = -2*t**3 + 2*t**2 + t - 1. Let o be x(2). Let z = 6 + o. Let m = 8 - z. What are the prime factors of m?
3
Let x be 9/(-3)*6*1. What are the prime factors of (-120)/x*3/2?
2, 5
Suppose r + 7 = -3*j - 2, -5*r - 113 = -2*j. Let c = r - -1. Let l = c - -31. List the prime factors of l.
11
Let y = -8 - -11. Suppose -39 = -6*j + y*j. What are the prime factors of j?
13
Suppose -5*n = 5*s - 385, s - 75 - 2 = 2*n. What are the prime factors of s?
7, 11
Let p(y) = y**3 + 6*y**2 + 5*y + 5. Let f = -11 + 7. What are the prime factors of p(f)?
17
Let k be (36/(-15))/((-2)/5). Suppose -k = -m - 2*m. Suppose -m = -l + 9. What are the prime factors of l?
11
Let f(n) = -3 + 4 + n + 3. Let r be -2 + (7 - -2) + -1. List the prime factors of f(r).
2, 5
Suppose 3*c - x - 98 = 0, 0 = -0*c - c - 5*x + 38. What are the prime factors of c?
3, 11
Let v(g) = g**2 + 13*g - 7. List the prime factors of v(-14).
7
Suppose 2*a = -2*s + 244, 4*s - 4*a = -s + 610. What are the prime factors of s?
2, 61
Suppose -y = 4*i - 368, 3*y - 8 = y. What are the prime factors of i?
7, 13
Let x be 9/2 - 4/(-8). Suppose x*r + 34 = 104. List the prime factors of r.
2, 7
Let q(z) = -z**3 - 8*z**2 - 7*z + 2. What are the prime factors of q(-7)?
2
Suppose 4*q - 47 - 1 = 0. Suppose 0 = 3*j - 21 - q. List the prime factors of j.
11
Let c(f) = f**2 + 10*f + 8. Let g be c(-8). Let r = 28 + -17. Let k = r + g. List the prime factors of k.
3
Let f(u) = -u**2 + 12*u - 12. List the prime factors of f(9).
3, 5
Let i be (-39)/(-12) - (-1)/(-4). Let l be (-3)/(-9)*i + 0. Let u = l + 2. List the prime factors of u.
3
Suppose -4*s + 4*w + 24 = 0, 21 = 5*s - w - w. Let o be 11/(-3) + 6/(-18). Let h = s - o. List the prime factors of h.
7
Suppose -7 = -p + 3*d + 5, 3 = -2*p - 3*d. Let k = p - -17. List the prime factors of ((-32)/k)/((-3)/15).
2
Suppose 4*c - 37 = -5. Let v = -140 + 240. Suppose -c*l = -3*l - v. List the prime factors of l.
2, 5
Let y(w) = -w**2 + 2*w + 3. Let p be y(3). Suppose p*k = 4*k - 256. What are the prime factors of ((-3)/(-4))/(4/k)?
2, 3
Let i be (-16)/(-3)*15/5. Suppose 2*x = -2*x + i. Suppose -3*c + 11 = -2*k + x, -3*k - c + 17 = 0. List the prime factors of k.
2
Suppose 4*a - 44 = 4*b, 5*b + 43 = a - 0*a. Suppose -2*d + 4*l - 2 + 18 = 0, 3*d - 2*l = 12. List the prime factors of d/(-3) - b/3.
2
Suppose 14 = d + 4*h, 3*d + 5*h - 21 = -0*d. Suppose 39 = 5*u + 2*x, -2*u + d*x = 6*x - 6. What are the prime factors of u?
3
What are the prime factors of (-3 + -32 + -3)/(-2)?
19
Let y(t) = t**2 + t - 4. Let o be y(-3). Suppose -o*i + 56 = 2*i. What are the prime factors of i?
2, 7
What are the prime factors of 1587/6 + (-4)/(-8)?
5, 53
Suppose 4*u = -5*y + 4*y + 358, -5*y + 170 = 2*u. Let z = -58 + u. List the prime factors of z.
2
Let n = 30 + -2. List the prime factors of n.
2, 7
Suppose w - 43 = -3*j, 2*w + j = -0*j + 81. Suppose 3*f + 2*f = w. What are the prime factors of 22/f - (-6)/(-8)?
2
Let f = 24 - 8. Let a be (0 - 7)*-1*1. Suppose p + a - f = 0. What are the prime factors of p?
3
Suppose -o = 2*o - 6. Suppose 4*t = 3*i - 4*i + 12, o*t - 20 = -4*i. Let n = t + 6. List the prime factors of n.
2
Let v(m) = 4*m**2 - 1. Suppose 2*n - 4*n = 0. Let q be 1*(1 - (0 + n)). List the prime factors of v(q).
3
Suppose -4*d = d. Suppose -2*w = -d*w - 60. What are the prime factors of w?
2, 3, 5
Suppose 5*r - 14 = -4, t + 5*r = 51. What are the prime factors of t?
41
Suppose 5*r + 7 = b + 399, -b - 76 = -r. Suppose 4*c = r + 29. What are the prime factors of c?
3
Let y = -12 - -9. Let k(o) = -2*o + 4. What are the prime factors of k(y)?
2, 5
What are the prime factors of (194/1 - -2) + (-4 - 0)?
2, 3
Suppose -15 = -4*o + o. Suppose -o*z - 15 + 70 = 0. List the prime factors of z/(3 - (0 + 2)).
11
Let i(w) = 2*w + 6. Let t be i(8). Suppose -2*c - 3*h = -7 - 0, -12 = -2*c + 2*h. Suppose -5*n + 40 = -3*b, c*n - 2*b - 13 = t. What are the prime factors of n?
5
Let q(r) = 2*r - 4. List the prime factors of q(10).
2
Let r = 0 + 0. Suppose r = -3*a + 6*a - 12. List the prime factors of a.
2
Let p(i) = 5*i**2. Let h = 1 + 0. Let l be p(h). Suppose -l*j + 2*o = -5, 5*j - 3 = -3*o + 27. List the prime factors of j.
3
Let o = 6 - 6. Suppose o*t + t = w - 6, 2*t = 3*w - 17. List the prime factors of w.
5
List the prime factors of -110*10/(-4)*(-4)/(-5).
2, 5, 11
What are the prime factors of (-93)/(-12) + 1/4?
2
Let p = 9 + -147. Let m(h) = 9*h - 3. Let r be m(-3). What are the prime factors of (-6)/r + p/(-10)?
2, 7
Let a(z) = z + 18. List the prime factors of a(-11).
7
Let w(v) = -v + 9. Let s be w(6). Suppose -2*n + 44 = s*q, 60 = 2*n + n + 3*q. What are the prime factors of n?
2
What are the prime factors of (-4 + (-26)/(-4))*40?
2, 5
Suppose v - 393 = -f - 0*f, 0 = 5*v - f - 1965. List the prime factors of v.
3, 131
Let a(g) be the second derivative of g**5/20 - g**4/2 - 3*g**2/2 + g. Let x be a(6). Let t = x + 9. List the prime factors of t.
2, 3
Let j = 0 - -44. List the prime factors of j.
2, 11
Let r be (-8)/(-6)*27/2. Let u = 2 + r. What are the prime factors of u?
2, 5
Let n be 8/(-16) + 1/2. Suppose 5*v - 2*w - 131 = 0, n = 4*v - 2*v - w - 52. List the prime factors of v.
3
Suppose -t = 5*a - 950, 0 = 3*a - 0*t + t - 572. What are the prime factors of a?
3, 7
Let w = 8 + -5. Suppose 2*v = -w*v + 50. What are the prime factors of v?
2, 5
Let i(r) = r + 5. Let v be i(-8). What are the prime factors of (-2)/v + 122/6?
3, 7
Let b(q) = -2*q**2 - q + 1. Let o be b(2). Let h = -6 - o. List the prime factors of h.
3
List the prime factors of 3*(2 + 26/6).
19
Let s(l) = l**2 - 4*l + 6. Let p be s(4). What are the prime factors of p*1*91/14?
3, 13
Suppose 4*l - 48 = -n, 2*l = -n + 3*n - 106. Let i = 92 - n. List the prime factors of i.
2, 5
Suppose 5*g = 3*k + 35, 5*g + 3 - 13 = -2*k. List the prime factors of g.
2
Suppose x = 6*x - 420. List the prime factors of x.
2, 3, 7
Suppose 33 = 2*d - 21. Let n = 39 - d. List the prime factors of n.
2, 3
Let v(c) = 5*c**2 - 1. Let q(t) = -t**3 + 5*t**2 + t - 6. Let w be q(5). Let k be v(w). List the prime factors of 1/4 + 31/k.
2
Suppose -9*x + 256 = -734. List the prime factors of x.
2, 5, 11
Let h(n) = n - 15. Let v be h(13). What are the prime factors of (1 + 3/v)*-26?
13
Suppose -4*m = -2*m - 4. Let h = 0 + 8. Suppose -q = -m - h. What are the prime factors of q?
2, 5
Suppose -d = 3*d - 72. List the prime factors of d.
2, 3
Let z = 2 + 23. Suppose 0*k - 5*q - 2 = -k, z = 5*q. Suppose 2*t - 23 = 3*p, -2*t + k = t - 3*p. What are the prime factors of t?
2
Suppose 4*v = -0*v - 4*f + 28, -f - 5 = -v. What are the prime factors of v?
2, 3
Let l(o) = 4*o**3 + 5*o**2 - 3*o + 1. List the prime factors of l(3).
5, 29
Let z = 5 + -3. Suppose -s + z*s + 1 = 0. What are the prime factors of 18/(-2)*(0 + s)?
3
Let g = -83 + 130. What are the prime factors of g?
47
Let s(m) be the second derivative of 2*m**3/3 - 3*m. Let c be s(-4). Let z = -9 - c. What are the prime factors of z?
7
Suppose 2*i = 3*i + 33. Let q = i + 51. What are the prime factors of 43/9 - (-4)/q?
5
Suppose -54*g = -58*g + 188. What are the prime factors of g?
47
Let h = -2 + 2. Suppose p - 10 - 5 = h. List the prime factors of p.
3, 5
Let r(d) = d**2. Let s be r(1). Suppose 0 = -2*q + m + s, -2*q + 0*q - 8 = 2*m. What are the prime factors of (q/1)/(2/(-16))?
2
Let w = 4 + 2. Suppose 34 = 5*k + 9. What are the prime factors of w*(0 - k/(-2))?
3, 5
Let o(r) = -2 - r**2 - 15*r - 14 - 4 + 2. Suppose -1 = -5*t - 66. List the prime factors of o(t).
2
Let s = 23 - 7. Suppose -6*j = -5*j - 2*a - 2, 4*a + s = 4*j. What are the prime factors of j?
2, 3
Suppose i = 3*x + 1, x - i + 0*i = -3. Suppose -d - 5*k + 20 = 0, -d + 5*k - 3*k = x. List the prime factors of d.
5
Let l = -47 - -82. Suppose -l + 5 = -2*j. List the prime factors of j.
3, 5
Suppose -6*r + r = 0. Suppose -4*a = -m - 52, r = a + 5*m + 13 - 5. Suppose 3*c - 14 = 5*w, 2*c + 3*w = 5*w + a. List the prime factors of c.
2
Let u be (-16)/6*(-18)/12. Suppose 0 = v - 3, 3*f = 2*v + 40 - u. List the prime factors of f.
2, 7
Suppose -2*n - 4*k - k + 16 = 0, -1 = 3*n - 5*k. Suppose n*s = 94 - 1. List the prime 